{"id":4330,"date":"2023-05-05T12:41:28","date_gmt":"2023-05-05T10:41:28","guid":{"rendered":"https:\/\/dessign.fr\/JUDO\/?page_id=4330"},"modified":"2026-03-13T08:42:24","modified_gmt":"2026-03-13T07:42:24","slug":"renzoku-waza","status":"publish","type":"page","link":"https:\/\/dessign.fr\/JUDO\/renzoku-waza\/","title":{"rendered":"Renzoku-waza"},"content":{"rendered":"\n<p>Les enchainements de techniques<\/p>\n\n\n\n<div class=\"wp-block-columns is-layout-flex wp-container-core-columns-is-layout-9d6595d7 wp-block-columns-is-layout-flex\">\n<div class=\"wp-block-column is-layout-flow wp-block-column-is-layout-flow\">\n<div class=\"PAGEcat\">\n<a href=\"https:\/\/dessign.fr\/JUDO\/category\/renzoku-waza\/te-renzoku-waza\/\">\n\n\n\n<h2 class=\"wp-block-heading\">Te-renzoku-waza<\/h2>\n\n\n\n<figure class=\"wp-block-image size-full\"><a href=\"https:\/\/dessign.fr\/JUDO\/category\/renzoku-waza\/te-renzoku-waza\/\"><img loading=\"lazy\" decoding=\"async\" width=\"300\" height=\"273\" src=\"https:\/\/dessign.fr\/JUDO\/wp-content\/uploads\/2023\/04\/tai-otoshi-kata-guruma.gif\" alt=\"\" class=\"wp-image-1123\"\/><\/a><\/figure>\n\n\n\n<\/a><\/div>\n<\/div>\n\n\n\n<div class=\"wp-block-column is-layout-flow wp-block-column-is-layout-flow\">\n<div class=\"PAGEcat\">\n<a href=\"https:\/\/dessign.fr\/JUDO\/category\/renzoku-waza\/ashi-renzoku-waza\/\">\n\n\n\n<h2 class=\"wp-block-heading\">Ashi-renzoku-waza<\/h2>\n\n\n\n<figure class=\"wp-block-image size-full\"><a href=\"https:\/\/dessign.fr\/JUDO\/category\/renzoku-waza\/ashi-renzoku-waza\/\"><img loading=\"lazy\" decoding=\"async\" width=\"267\" height=\"270\" src=\"https:\/\/dessign.fr\/JUDO\/wp-content\/uploads\/2023\/04\/sasae-tsurikomi-ashi-tai-otoshi.gif\" alt=\"\" class=\"wp-image-1097\"\/><\/a><\/figure>\n\n\n\n<\/a><\/div>\n<\/div>\n\n\n\n<div class=\"wp-block-column is-layout-flow wp-block-column-is-layout-flow\">\n<div class=\"PAGEcat\">\n<a href=\"https:\/\/dessign.fr\/JUDO\/category\/renzoku-waza\/koshi-renzoku-waza\/\">\n\n\n\n<h2 class=\"wp-block-heading\">Koshi-renzoku-waza<\/h2>\n\n\n\n<figure class=\"wp-block-image size-full\"><a href=\"https:\/\/dessign.fr\/JUDO\/category\/renzoku-waza\/koshi-renzoku-waza\/\"><img loading=\"lazy\" decoding=\"async\" width=\"310\" height=\"250\" src=\"https:\/\/dessign.fr\/JUDO\/wp-content\/uploads\/2023\/04\/uki-goshi-hane-goshi.gif\" alt=\"\" class=\"wp-image-1194\"\/><\/a><\/figure>\n\n\n\n<\/a><\/div>\n<\/div>\n\n\n\n<div class=\"wp-block-column is-layout-flow wp-block-column-is-layout-flow\">\n<div class=\"KANJI\">\n\n\n\n<figure class=\"wp-block-image size-full\"><img loading=\"lazy\" decoding=\"async\" width=\"127\" height=\"400\" src=\"https:\/\/dessign.fr\/JUDO\/wp-content\/uploads\/2023\/05\/rubon7.jpg\" alt=\"\" class=\"wp-image-4335\" srcset=\"https:\/\/dessign.fr\/JUDO\/wp-content\/uploads\/2023\/05\/rubon7.jpg 127w, https:\/\/dessign.fr\/JUDO\/wp-content\/uploads\/2023\/05\/rubon7-95x300.jpg 95w\" sizes=\"auto, (max-width: 127px) 100vw, 127px\" \/><\/figure>\n\n\n\n<\/div>\n<\/div>\n<\/div>\n\n\n\n<p>Les <strong>renzoku-waza<\/strong> d\u00e9signent l\u2019utilisation <strong>successive et fluide de plusieurs techniques<\/strong>, souvent pour r\u00e9pondre \u00e0 la d\u00e9fense de l\u2019adversaire ou \u00e0 un contre. Plut\u00f4t que tenter une seule technique isol\u00e9e, le judoka encha\u00eene plusieurs mouvements pour cr\u00e9er une action continue et d\u00e9stabiliser l\u2019adversaire.<\/p>\n\n\n\n<p>Encha\u00eenement de <strong>plusieurs projections, contre-attaques ou transitions au sol<\/strong>.<\/p>\n\n\n\n<p>N\u00e9cessite un bon <strong>rythme, timing et anticipation<\/strong>.<\/p>\n\n\n\n<p>Permet de <strong>surprendre l\u2019adversaire<\/strong> et d\u2019exploiter ses r\u00e9actions.<\/p>\n\n\n\n<p>Am\u00e9liore la fluidit\u00e9 et la cr\u00e9ativit\u00e9 dans le combat.<\/p>\n\n\n\n<p>Ma\u00eetriser les <strong>renzoku-waza<\/strong> permet d\u2019\u00eatre plus efficace en combat r\u00e9el, car cela \u00e9vite de rester bloqu\u00e9 sur une seule technique. C\u2019est aussi un signe de haut niveau technique et tactique.<\/p>\n\n\n\n<script async src=\"https:\/\/pagead2.googlesyndication.com\/pagead\/js\/adsbygoogle.js?client=ca-pub-5395542268415979\" crossorigin=\"anonymous\"><\/script>\n","protected":false},"excerpt":{"rendered":"<p>JUDO \u67d4 \u9053 par dessign fr | Renzoku-waza Technique enchainement<\/p>\n","protected":false},"author":2,"featured_media":0,"parent":0,"menu_order":0,"comment_status":"closed","ping_status":"closed","template":"","meta":{"_exactmetrics_skip_tracking":false,"_exactmetrics_sitenote_active":false,"_exactmetrics_sitenote_note":"","_exactmetrics_sitenote_category":0,"_uf_show_specific_survey":0,"_uf_disable_surveys":false,"footnotes":""},"class_list":["post-4330","page","type-page","status-publish","hentry"],"yoast_head":"<!-- This site is optimized with the Yoast SEO plugin v27.1.1 - https:\/\/yoast.com\/product\/yoast-seo-wordpress\/ -->\n<title>Renzoku-waza - JUDO \u67d4 \u9053 par dessign<\/title>\n<meta name=\"robots\" content=\"index, follow, max-snippet:-1, max-image-preview:large, max-video-preview:-1\" \/>\n<link rel=\"canonical\" href=\"https:\/\/dessign.fr\/JUDO\/renzoku-waza\/\" \/>\n<meta property=\"og:locale\" content=\"fr_FR\" \/>\n<meta property=\"og:type\" content=\"article\" \/>\n<meta property=\"og:title\" content=\"Renzoku-waza - JUDO \u67d4 \u9053 par dessign\" \/>\n<meta property=\"og:description\" content=\"JUDO \u67d4 \u9053 par dessign fr | Renzoku-waza Technique enchainement\" \/>\n<meta property=\"og:url\" content=\"https:\/\/dessign.fr\/JUDO\/renzoku-waza\/\" \/>\n<meta property=\"og:site_name\" content=\"JUDO \u67d4 \u9053 par dessign\" \/>\n<meta property=\"article:publisher\" content=\"https:\/\/www.facebook.com\/groups\/123664574320024\" \/>\n<meta property=\"article:modified_time\" content=\"2026-03-13T07:42:24+00:00\" \/>\n<meta property=\"og:image\" content=\"https:\/\/dessign.fr\/JUDO\/wp-content\/uploads\/2023\/04\/tai-otoshi-kata-guruma.gif\" \/>\n\t<meta property=\"og:image:width\" content=\"300\" \/>\n\t<meta property=\"og:image:height\" content=\"273\" \/>\n\t<meta property=\"og:image:type\" content=\"image\/gif\" \/>\n<meta name=\"twitter:card\" content=\"summary_large_image\" \/>\n<meta name=\"twitter:label1\" content=\"Dur\u00e9e de lecture estim\u00e9e\" \/>\n\t<meta name=\"twitter:data1\" content=\"2 minutes\" \/>\n<script type=\"application\/ld+json\" class=\"yoast-schema-graph\">{\"@context\":\"https:\/\/schema.org\",\"@graph\":[{\"@type\":\"WebPage\",\"@id\":\"https:\/\/dessign.fr\/JUDO\/renzoku-waza\/\",\"url\":\"https:\/\/dessign.fr\/JUDO\/renzoku-waza\/\",\"name\":\"Renzoku-waza - JUDO \u67d4 \u9053 par dessign\",\"isPartOf\":{\"@id\":\"https:\/\/dessign.fr\/JUDO\/#website\"},\"primaryImageOfPage\":{\"@id\":\"https:\/\/dessign.fr\/JUDO\/renzoku-waza\/#primaryimage\"},\"image\":{\"@id\":\"https:\/\/dessign.fr\/JUDO\/renzoku-waza\/#primaryimage\"},\"thumbnailUrl\":\"https:\/\/dessign.fr\/JUDO\/wp-content\/uploads\/2023\/04\/tai-otoshi-kata-guruma.gif\",\"datePublished\":\"2023-05-05T10:41:28+00:00\",\"dateModified\":\"2026-03-13T07:42:24+00:00\",\"breadcrumb\":{\"@id\":\"https:\/\/dessign.fr\/JUDO\/renzoku-waza\/#breadcrumb\"},\"inLanguage\":\"fr-FR\",\"potentialAction\":[{\"@type\":\"ReadAction\",\"target\":[\"https:\/\/dessign.fr\/JUDO\/renzoku-waza\/\"]}]},{\"@type\":\"ImageObject\",\"inLanguage\":\"fr-FR\",\"@id\":\"https:\/\/dessign.fr\/JUDO\/renzoku-waza\/#primaryimage\",\"url\":\"https:\/\/dessign.fr\/JUDO\/wp-content\/uploads\/2023\/04\/tai-otoshi-kata-guruma.gif\",\"contentUrl\":\"https:\/\/dessign.fr\/JUDO\/wp-content\/uploads\/2023\/04\/tai-otoshi-kata-guruma.gif\",\"width\":300,\"height\":273,\"caption\":\"JUDO \u67d4 \u9053 par dessign fr | tai-otoshi-kata-guruma\"},{\"@type\":\"BreadcrumbList\",\"@id\":\"https:\/\/dessign.fr\/JUDO\/renzoku-waza\/#breadcrumb\",\"itemListElement\":[{\"@type\":\"ListItem\",\"position\":1,\"name\":\"Accueil\",\"item\":\"https:\/\/dessign.fr\/JUDO\/\"},{\"@type\":\"ListItem\",\"position\":2,\"name\":\"Renzoku-waza\"}]},{\"@type\":\"WebSite\",\"@id\":\"https:\/\/dessign.fr\/JUDO\/#website\",\"url\":\"https:\/\/dessign.fr\/JUDO\/\",\"name\":\"JUDO \u67d4 \u9053 par dessign\",\"description\":\"le site des techniques de Judo en croquis anim\u00e9s - Judoenlignes\",\"publisher\":{\"@id\":\"https:\/\/dessign.fr\/JUDO\/#organization\"},\"potentialAction\":[{\"@type\":\"SearchAction\",\"target\":{\"@type\":\"EntryPoint\",\"urlTemplate\":\"https:\/\/dessign.fr\/JUDO\/?s={search_term_string}\"},\"query-input\":{\"@type\":\"PropertyValueSpecification\",\"valueRequired\":true,\"valueName\":\"search_term_string\"}}],\"inLanguage\":\"fr-FR\"},{\"@type\":\"Organization\",\"@id\":\"https:\/\/dessign.fr\/JUDO\/#organization\",\"name\":\"JUDO \u67d4 \u9053 par dessign\",\"url\":\"https:\/\/dessign.fr\/JUDO\/\",\"logo\":{\"@type\":\"ImageObject\",\"inLanguage\":\"fr-FR\",\"@id\":\"https:\/\/dessign.fr\/JUDO\/#\/schema\/logo\/image\/\",\"url\":\"https:\/\/dessign.fr\/JUDO\/wp-content\/uploads\/2014\/11\/gyaku-juji-gatame.jpg\",\"contentUrl\":\"https:\/\/dessign.fr\/JUDO\/wp-content\/uploads\/2014\/11\/gyaku-juji-gatame.jpg\",\"width\":267,\"height\":234,\"caption\":\"JUDO \u67d4 \u9053 par dessign\"},\"image\":{\"@id\":\"https:\/\/dessign.fr\/JUDO\/#\/schema\/logo\/image\/\"},\"sameAs\":[\"https:\/\/www.facebook.com\/groups\/123664574320024\",\"https:\/\/www.facebook.com\/kovalseb\"]}]}<\/script>\n<!-- \/ Yoast SEO plugin. -->","yoast_head_json":{"title":"Renzoku-waza - JUDO \u67d4 \u9053 par dessign","robots":{"index":"index","follow":"follow","max-snippet":"max-snippet:-1","max-image-preview":"max-image-preview:large","max-video-preview":"max-video-preview:-1"},"canonical":"https:\/\/dessign.fr\/JUDO\/renzoku-waza\/","og_locale":"fr_FR","og_type":"article","og_title":"Renzoku-waza - JUDO \u67d4 \u9053 par dessign","og_description":"JUDO \u67d4 \u9053 par dessign fr | Renzoku-waza Technique enchainement","og_url":"https:\/\/dessign.fr\/JUDO\/renzoku-waza\/","og_site_name":"JUDO \u67d4 \u9053 par dessign","article_publisher":"https:\/\/www.facebook.com\/groups\/123664574320024","article_modified_time":"2026-03-13T07:42:24+00:00","og_image":[{"width":300,"height":273,"url":"https:\/\/dessign.fr\/JUDO\/wp-content\/uploads\/2023\/04\/tai-otoshi-kata-guruma.gif","type":"image\/gif"}],"twitter_card":"summary_large_image","twitter_misc":{"Dur\u00e9e de lecture estim\u00e9e":"2 minutes"},"schema":{"@context":"https:\/\/schema.org","@graph":[{"@type":"WebPage","@id":"https:\/\/dessign.fr\/JUDO\/renzoku-waza\/","url":"https:\/\/dessign.fr\/JUDO\/renzoku-waza\/","name":"Renzoku-waza - JUDO \u67d4 \u9053 par dessign","isPartOf":{"@id":"https:\/\/dessign.fr\/JUDO\/#website"},"primaryImageOfPage":{"@id":"https:\/\/dessign.fr\/JUDO\/renzoku-waza\/#primaryimage"},"image":{"@id":"https:\/\/dessign.fr\/JUDO\/renzoku-waza\/#primaryimage"},"thumbnailUrl":"https:\/\/dessign.fr\/JUDO\/wp-content\/uploads\/2023\/04\/tai-otoshi-kata-guruma.gif","datePublished":"2023-05-05T10:41:28+00:00","dateModified":"2026-03-13T07:42:24+00:00","breadcrumb":{"@id":"https:\/\/dessign.fr\/JUDO\/renzoku-waza\/#breadcrumb"},"inLanguage":"fr-FR","potentialAction":[{"@type":"ReadAction","target":["https:\/\/dessign.fr\/JUDO\/renzoku-waza\/"]}]},{"@type":"ImageObject","inLanguage":"fr-FR","@id":"https:\/\/dessign.fr\/JUDO\/renzoku-waza\/#primaryimage","url":"https:\/\/dessign.fr\/JUDO\/wp-content\/uploads\/2023\/04\/tai-otoshi-kata-guruma.gif","contentUrl":"https:\/\/dessign.fr\/JUDO\/wp-content\/uploads\/2023\/04\/tai-otoshi-kata-guruma.gif","width":300,"height":273,"caption":"JUDO \u67d4 \u9053 par dessign fr | tai-otoshi-kata-guruma"},{"@type":"BreadcrumbList","@id":"https:\/\/dessign.fr\/JUDO\/renzoku-waza\/#breadcrumb","itemListElement":[{"@type":"ListItem","position":1,"name":"Accueil","item":"https:\/\/dessign.fr\/JUDO\/"},{"@type":"ListItem","position":2,"name":"Renzoku-waza"}]},{"@type":"WebSite","@id":"https:\/\/dessign.fr\/JUDO\/#website","url":"https:\/\/dessign.fr\/JUDO\/","name":"JUDO \u67d4 \u9053 par dessign","description":"le site des techniques de Judo en croquis anim\u00e9s - Judoenlignes","publisher":{"@id":"https:\/\/dessign.fr\/JUDO\/#organization"},"potentialAction":[{"@type":"SearchAction","target":{"@type":"EntryPoint","urlTemplate":"https:\/\/dessign.fr\/JUDO\/?s={search_term_string}"},"query-input":{"@type":"PropertyValueSpecification","valueRequired":true,"valueName":"search_term_string"}}],"inLanguage":"fr-FR"},{"@type":"Organization","@id":"https:\/\/dessign.fr\/JUDO\/#organization","name":"JUDO \u67d4 \u9053 par dessign","url":"https:\/\/dessign.fr\/JUDO\/","logo":{"@type":"ImageObject","inLanguage":"fr-FR","@id":"https:\/\/dessign.fr\/JUDO\/#\/schema\/logo\/image\/","url":"https:\/\/dessign.fr\/JUDO\/wp-content\/uploads\/2014\/11\/gyaku-juji-gatame.jpg","contentUrl":"https:\/\/dessign.fr\/JUDO\/wp-content\/uploads\/2014\/11\/gyaku-juji-gatame.jpg","width":267,"height":234,"caption":"JUDO \u67d4 \u9053 par dessign"},"image":{"@id":"https:\/\/dessign.fr\/JUDO\/#\/schema\/logo\/image\/"},"sameAs":["https:\/\/www.facebook.com\/groups\/123664574320024","https:\/\/www.facebook.com\/kovalseb"]}]}},"_links":{"self":[{"href":"https:\/\/dessign.fr\/JUDO\/wp-json\/wp\/v2\/pages\/4330","targetHints":{"allow":["GET"]}}],"collection":[{"href":"https:\/\/dessign.fr\/JUDO\/wp-json\/wp\/v2\/pages"}],"about":[{"href":"https:\/\/dessign.fr\/JUDO\/wp-json\/wp\/v2\/types\/page"}],"author":[{"embeddable":true,"href":"https:\/\/dessign.fr\/JUDO\/wp-json\/wp\/v2\/users\/2"}],"replies":[{"embeddable":true,"href":"https:\/\/dessign.fr\/JUDO\/wp-json\/wp\/v2\/comments?post=4330"}],"version-history":[{"count":11,"href":"https:\/\/dessign.fr\/JUDO\/wp-json\/wp\/v2\/pages\/4330\/revisions"}],"predecessor-version":[{"id":4945,"href":"https:\/\/dessign.fr\/JUDO\/wp-json\/wp\/v2\/pages\/4330\/revisions\/4945"}],"wp:attachment":[{"href":"https:\/\/dessign.fr\/JUDO\/wp-json\/wp\/v2\/media?parent=4330"}],"curies":[{"name":"wp","href":"https:\/\/api.w.org\/{rel}","templated":true}]}}